{"id":237,"date":"2014-05-25T19:34:35","date_gmt":"2014-05-25T19:34:35","guid":{"rendered":"http:\/\/irmasdesaojose.com.br\/portal\/?page_id=237"},"modified":"2017-02-23T20:53:18","modified_gmt":"2017-02-23T23:53:18","slug":"vocacional","status":"publish","type":"page","link":"http:\/\/irmasdesaojose.com.br\/portal\/vocacional\/","title":{"rendered":"Pastoral Vocacional Josefita"},"content":{"rendered":"<h3 style=\"text-align: justify;\"><img decoding=\"async\" loading=\"lazy\" class=\"size-full wp-image-1666 aligncenter\" src=\"https:\/\/i0.wp.com\/irmasdesaojose.com.br\/portal\/wp-content\/uploads\/2014\/03\/1-vocas-e1452377481895.jpg?resize=700%2C525\" alt=\"1 vocas\" width=\"700\" height=\"525\" data-recalc-dims=\"1\" \/><\/h3>\n<h3 style=\"text-align: justify;\"><span style=\"color: #000000;\"><em><strong>Olhar amoroso de Deus!<\/strong><\/em><\/span><\/h3>\n<p style=\"text-align: justify;\"><span style=\"color: #000000;\"><img decoding=\"async\" loading=\"lazy\" class=\"wp-image-1752 alignleft\" src=\"https:\/\/i0.wp.com\/irmasdesaojose.com.br\/portal\/wp-content\/uploads\/2014\/05\/voc.jpg?resize=235%2C313\" alt=\"voc\" width=\"235\" height=\"313\" data-recalc-dims=\"1\" \/><\/span><\/p>\n<p style=\"text-align: justify;\"><span style=\"color: #000000;\">Constantemente repousa sobre n\u00f3s o olhar amoroso de Deus. Sou amada e querida por Ele. Eu estava em Seu eterno plano de amor. Recebi dons espec\u00edficos: personalidade, apar\u00eancia, talentos a descobrir, para realizar o plano que Deus tem para mim e para a minha vida.<\/span><\/p>\n<h4 style=\"text-align: center;\"><strong><span style=\"color: #000000;\"><em>Pergunte a Deus:<\/em><\/span><\/strong><\/h4>\n<p style=\"text-align: justify;\">\u00a0 \u00a0 \u00a0 \u00a0 \u00a0 \u00a0 \u00a0 \u00a0 \u00a0 \u00a0 \u00a0 <span style=\"color: #000000;\">\u00a0 &#8211; \u00a0Deus, o que Voc\u00ea quer de mim?<\/span><\/p>\n<p style=\"text-align: justify;\"><span style=\"color: #000000;\">\u00a0 \u00a0 \u00a0 \u00a0 \u00a0 \u00a0 \u00a0 \u00a0 \u00a0 \u00a0 \u00a0 \u00a0 &#8211; \u00a0Qual o Seu plano para a minha vida?\u00a0<\/span><\/p>\n<p style=\"text-align: justify;\"><span style=\"color: #000000;\">\u00a0 \u00a0 \u00a0 \u00a0 \u00a0 \u00a0 \u00a0 \u00a0 \u00a0 \u00a0 \u00a0 \u00a0&#8211; \u00a0Por qual caminho Voc\u00ea deseja me guiar?<\/span><\/p>\n<p style=\"text-align: center;\"><strong><span style=\"color: #000000;\"><em>Algumas palavras sobre a voca\u00e7\u00e3o<\/em><\/span><\/strong><\/p>\n<p style=\"text-align: justify;\"><span style=\"color: #000000;\">A voca\u00e7\u00e3o \u00e9 a chave para a resposta das seguintes perguntas: Quem sou eu? Para qu\u00ea eu vivo? Para onde vou?\u00a0<\/span><span style=\"color: #000000;\">O mist\u00e9rio da vida humana est\u00e1 relacionado com a voca\u00e7\u00e3o que Deus me concedeu. Todo mundo t\u00eam sua voca\u00e7\u00e3o, um lugar especial no mundo e uma tarefa. \u00c9 um convite enviado por Deus ao homem. \u00c9 uma fascina\u00e7\u00e3o. Um desejo interior, que atrai e move.<\/span><\/p>\n<ul style=\"text-align: justify;\">\n<ul>\n<ul>\n<li><span style=\"color: #000000;\">Se voc\u00ea procura o caminho para a sua vida&#8230;<\/span><\/li>\n<li><span style=\"color: #000000;\">Se voc\u00ea quer viver como Jesus&#8230;<\/span><\/li>\n<li><span style=\"color: #000000;\">Se voc\u00ea deseja aceitar o dom do Amor, para d\u00e1-lo aos irm\u00e3os&#8230; Venha&#8230;<\/span><\/li>\n<\/ul>\n<\/ul>\n<\/ul>\n<p style=\"text-align: center;\"><img decoding=\"async\" loading=\"lazy\" class=\"size-medium wp-image-1754 alignright\" src=\"https:\/\/i0.wp.com\/irmasdesaojose.com.br\/portal\/wp-content\/uploads\/2014\/05\/voc2.jpg?resize=225%2C300\" alt=\"voc2\" width=\"225\" height=\"300\" data-recalc-dims=\"1\" \/><\/p>\n<p style=\"text-align: center;\"><span style=\"color: #45041b;\"><strong>Se ao seu cora\u00e7\u00e3o se dirige a pergunta sobre a voca\u00e7\u00e3o \u00e0 vida <\/strong><\/span><\/p>\n<p style=\"text-align: center;\"><span style=\"color: #45041b;\"><strong>religiosa e voc\u00ea deseja ser um dom para os irm\u00e3os, <\/strong><\/span><\/p>\n<p style=\"text-align: center;\"><span style=\"color: #45041b;\"><strong>venha conosco trilhar o caminho do discernimento <\/strong><\/span><\/p>\n<p style=\"text-align: center;\"><span style=\"color: #45041b;\"><strong>vocacional!<\/strong><\/span><\/p>\n<p style=\"text-align: justify;\"><strong><span style=\"color: #000000;\">\u00a0 \u00a0 \u00a0 \u00a0 \u00a0 \u00a0 \u00a0 \u00a0 \u00a0 \u00a0 \u00a0 \u00a0 \u00a0 \u00a0 \u00a0 \u00a0 \u00a0 \u00a0 \u00a0 <\/span><\/strong><\/p>\n<p style=\"text-align: justify;\"><strong><span style=\"color: #000000;\">\u00a0Esperamos por voc\u00ea! <\/span><\/strong><\/p>\n<p style=\"text-align: justify;\"><strong><span style=\"color: #000000;\">Entre em contato conosco:\u00a0<span style=\"color: #0000ff;\">irma.faustina@yahoo.com.br<\/span><\/span><\/strong><\/p>\n<h3 style=\"text-align: center;\"><\/h3>\n<h3 style=\"text-align: center;\"><span style=\"color: #000000;\">\u00a0<\/span><span style=\"color: #000000;\">\u00a0<\/span><span style=\"color: #000000;\">Ora\u00e7\u00e3o para a escolha do caminho na vida<\/span><\/h3>\n<p style=\"text-align: justify;\"><span style=\"color: #000000;\">\u00d3 Deus, que perscrutais o meu \u00edntimo e me conheceis, e me criastes para a felicidade, auxiliai-me a encontr\u00e1-la. Mostrai-me o meu caminho na vida. Por intercess\u00e3o de S\u00e3o Jos\u00e9, fazei que eu escolha aquilo que destinastes para mim. Quero ser obediente a V\u00f3s em tudo. Irei para onde me enviardes. Tenho em V\u00f3s uma confian\u00e7a sem limites, porque sei que me amais e quereis o meu bem. Conduzi-me pelos vossos caminhos.<\/span><\/p>\n<h3 style=\"text-align: center;\"><span style=\"color: #000000;\">Am\u00e9m.<\/span><\/h3>\n<h3 style=\"text-align: center;\"><span style=\"color: #000000;\"><em><strong>S\u00e3o Jos\u00e9, rogai por n\u00f3s!<\/strong><\/em><\/span><\/h3>\n","protected":false},"excerpt":{"rendered":"<p>Olhar amoroso de Deus! Constantemente repousa sobre n\u00f3s o olhar amoroso de Deus. Sou amada e querida por Ele. Eu estava em Seu eterno plano de amor. Recebi dons espec\u00edficos: personalidade, apar\u00eancia, talentos a descobrir, para realizar o plano que Deus tem para mim e para a minha vida. Pergunte a Deus: \u00a0 \u00a0 \u00a0 [&hellip;]<\/p>\n","protected":false},"author":1,"featured_media":0,"parent":0,"menu_order":0,"comment_status":"closed","ping_status":"closed","template":"","meta":{"_monsterinsights_skip_tracking":false,"_monsterinsights_sitenote_active":false,"_monsterinsights_sitenote_note":"","_monsterinsights_sitenote_category":0,"jetpack_post_was_ever_published":false,"footnotes":""},"jetpack_shortlink":"https:\/\/wp.me\/P4Ftkv-3P","jetpack_sharing_enabled":true,"_links":{"self":[{"href":"http:\/\/irmasdesaojose.com.br\/portal\/wp-json\/wp\/v2\/pages\/237"}],"collection":[{"href":"http:\/\/irmasdesaojose.com.br\/portal\/wp-json\/wp\/v2\/pages"}],"about":[{"href":"http:\/\/irmasdesaojose.com.br\/portal\/wp-json\/wp\/v2\/types\/page"}],"author":[{"embeddable":true,"href":"http:\/\/irmasdesaojose.com.br\/portal\/wp-json\/wp\/v2\/users\/1"}],"replies":[{"embeddable":true,"href":"http:\/\/irmasdesaojose.com.br\/portal\/wp-json\/wp\/v2\/comments?post=237"}],"version-history":[{"count":19,"href":"http:\/\/irmasdesaojose.com.br\/portal\/wp-json\/wp\/v2\/pages\/237\/revisions"}],"predecessor-version":[{"id":239,"href":"http:\/\/irmasdesaojose.com.br\/portal\/wp-json\/wp\/v2\/pages\/237\/revisions\/239"}],"wp:attachment":[{"href":"http:\/\/irmasdesaojose.com.br\/portal\/wp-json\/wp\/v2\/media?parent=237"}],"curies":[{"name":"wp","href":"https:\/\/api.w.org\/{rel}","templated":true}]}}