{"id":25,"date":"2014-03-23T17:53:03","date_gmt":"2014-03-23T17:53:03","guid":{"rendered":"http:\/\/irmasdesaojose.com.br\/portal\/?page_id=25"},"modified":"2016-08-04T20:02:07","modified_gmt":"2016-08-04T23:02:07","slug":"adelegacaobrasileira","status":"publish","type":"page","link":"http:\/\/irmasdesaojose.com.br\/portal\/acongregacao\/adelegacaobrasileira\/","title":{"rendered":"A Delega\u00e7\u00e3o Brasileira"},"content":{"rendered":"<p>&nbsp;<\/p>\n<h2 style=\"text-align: justify;\"><span style=\"color: #000000;\"><em><img decoding=\"async\" loading=\"lazy\" class=\"size-full wp-image-2110 aligncenter\" src=\"https:\/\/i0.wp.com\/irmasdesaojose.com.br\/portal\/wp-content\/uploads\/2014\/03\/Delega\u00e7\u00e3o-Braz-e1453744567836.jpg?resize=700%2C525\" alt=\"Delega\u00e7\u00e3o Braz\" width=\"700\" height=\"525\" data-recalc-dims=\"1\" \/><\/em><\/span><\/h2>\n<h2><span style=\"color: #000000;\">Olhando para o passado<\/span><\/h2>\n<p style=\"text-align: justify;\"><span style=\"color: #000000;\">S\u00e3o Jo\u00e3o Paulo II na sua enc\u00edclica &#8220;<strong>Redemptoris missio<\/strong>&#8220;, escreveu: <em>Miss\u00f5es (&#8230;) renovam a Igreja, fortalecem a f\u00e9 e a identidade crist\u00e3, d\u00e3o a vida crist\u00e3 novo entusiasmo e novo incentivo&#8230;<\/em> <em>Nenhum crente, nenhuma institui\u00e7\u00e3o da Igreja se pode esquivar deste dever supremo: anunciar Cristo a todos os povos.<\/em> (n\u00b0 2 e 3)<\/span><\/p>\n<p style=\"text-align: justify;\"><span style=\"color: #000000;\">A Congrega\u00e7\u00e3o das Irm\u00e3s de S\u00e3o Jos\u00e9, que comemorou em 1984 o 100\u00b0\u00a0anivers\u00e1rio da sua exist\u00eancia, quis fazer um dom para a Igreja brasileira. Em <strong>7 de dezembro de 1983<\/strong>\u00a0as quatro primeiras mission\u00e1rias: <strong>Ir. Seweryna Wiejaczka, Ir. Arc\u00e1dia Wazna, Ir. Inviolata Lesniak e Ir. Ilona Kolton,<\/strong>\u00a0 partiram da It\u00e1lia no navio Eug\u00eanio C, e depois de <strong>14 dias de viagem chegaram ao Brasil, Terra de Santa Cruz.\u00a0<\/strong> O\u00a0<strong>Padre Vicente Wrosz<\/strong>, verbita, respons\u00e1vel pela vinda das Irm\u00e3s para o Brasil, esperava por elas no porto de Santos e levou-as para a cidade de Curitiba-PR, onde ficaram hospedadas na casa <strong>Provincial das Irm\u00e3s Franciscanas da Sagrada Fam\u00edlia de Maria,\u00a0<\/strong>aprendendo a l\u00edngua portuguesa.\u00a0<\/span><\/p>\n<p style=\"text-align: center;\">\n<div class=\"wk-gallery wk-gallery-wall clearfix round polaroid margin \">\n\n\t\t\n\t\t\t\n\t\t\t\t\t<a class=\"\" href=\"\/portal\/wp-content\/uploads\/FotosInstitucionais\/acongregacao\/BRAchegada\/Rosario 1.jpg\" data-lightbox=\"group:131-69d265fd0a468\" title=\"Recebendo a b\u00ean\u00e7\u00e3o do Papa Jo\u00e3o Paulo II\" ><div><img src=\"\/portal\/wp-content\/plugins\/widgetkit\/cache\/gallery\/131\/Rosario 1-2ac3c6b609.jpg\" width=\"270\" height=\"180\" alt=\"Rosario 1\" \/><p class=\"title\">Recebendo a b\u00ean\u00e7\u00e3o do Papa Jo\u00e3o Paulo II<\/p><\/div><\/a>\n\t\t\t\t\n\t\t\n\t\t\t\n\t\t\t\t\t<a class=\"\" href=\"\/portal\/wp-content\/uploads\/FotosInstitucionais\/acongregacao\/BRAchegada\/Rosario 3.jpg\" data-lightbox=\"group:131-69d265fd0a468\" title=\"Chegada ao porto de Santos-SP, Brasil\" ><div><img src=\"\/portal\/wp-content\/plugins\/widgetkit\/cache\/gallery\/131\/Rosario 3-b2e17a308a.jpg\" width=\"270\" height=\"180\" alt=\"Rosario 3\" \/><p class=\"title\">Chegada ao porto de Santos-SP, Brasil<\/p><\/div><\/a>\n\t\t\t\t\n\t\t\n\t\t\t\n\t\t\t\t\t<a class=\"\" href=\"\/portal\/wp-content\/uploads\/FotosInstitucionais\/acongregacao\/BRAchegada\/Rosario 4.jpg\" data-lightbox=\"group:131-69d265fd0a468\" title=\"Na casa das Irm\u00e3s Franciscanas da Sagrada Fam\u00edlia de Maria\" ><div><img src=\"\/portal\/wp-content\/plugins\/widgetkit\/cache\/gallery\/131\/Rosario 4-082ee4600f.jpg\" width=\"270\" height=\"180\" alt=\"Rosario 4\" \/><p class=\"title\">Na casa das Irm\u00e3s Franciscanas da Sagrada Fam\u00edlia de Maria<\/p><\/div><\/a>\n\t\t\t\t\n\t\t\n\t\t\t\n\t\t\t\t\t<a class=\"\" href=\"\/portal\/wp-content\/uploads\/FotosInstitucionais\/acongregacao\/BRAchegada\/Rosario 5.jpg\" data-lightbox=\"group:131-69d265fd0a468\" title=\"Aprendendo a l\u00edngua portuguesa\" ><div><img src=\"\/portal\/wp-content\/plugins\/widgetkit\/cache\/gallery\/131\/Rosario 5-f0ffdc4d2d.jpg\" width=\"270\" height=\"180\" alt=\"Rosario 5\" \/><p class=\"title\">Aprendendo a l\u00edngua portuguesa<\/p><\/div><\/a>\n\t\t\t\t\n\t\t\n\t\t\t\n\t\t\t\t\t<a class=\"\" href=\"\/portal\/wp-content\/uploads\/FotosInstitucionais\/acongregacao\/BRAchegada\/Rosario.jpg\" data-lightbox=\"group:131-69d265fd0a468\" title=\"Viagem com o Navio \"Eug\u00eanio C\" para o Brasil\" ><div><img src=\"\/portal\/wp-content\/plugins\/widgetkit\/cache\/gallery\/131\/Rosario-896a4137f8.jpg\" width=\"270\" height=\"180\" alt=\"Rosario\" \/><p class=\"title\">Viagem com o Navio \"Eug\u00eanio C\" para o Brasil<\/p><\/div><\/a>\n\t\t\t\t\n\t\n<\/div>\n\n<\/p>\n<p style=\"text-align: justify;\"><span style=\"color: #000000;\">As Irm\u00e3s iniciaram o seu trabalho mission\u00e1rio no estado do Paran\u00e1, na pequena cidade de <span style=\"text-decoration: underline; color: #000080;\"><strong>Ros\u00e1rio do Iva\u00ed<\/strong>.<\/span>\u00a0<\/span><span style=\"color: #000000;\">Chegando a Ros\u00e1rio, as Irm\u00e3s foram tocadas pela grande pobreza humana. Para as Irm\u00e3s o mais tocante era a vis\u00e3o de crian\u00e7as privadas da inf\u00e2ncia e de escolaridade, onde elas mesmas tinham de procurar meios de sobreviv\u00eancia, muitas vezes mendigando p\u00e3o, retirando-o do lixo ou recolhendo e vendendo latas e res\u00edduos de papel. As Irm\u00e3s com grande entusiasmo empreenderam seu servi\u00e7o mission\u00e1rio, desejando que atrav\u00e9s de seu cora\u00e7\u00e3o e pelas suas m\u00e3os transbordasse a bondade e o amor de Deus. Se engajaram no <strong>trabalho pastoral e caritativo da par\u00f3quia, que contava com 36 capelas.<\/strong><\/span><\/p>\n\n<div class=\"wk-gallery wk-gallery-wall clearfix round polaroid margin \">\n\n\t\t\n\t\t\t\n\t\t\t\t\t<a class=\"\" href=\"\/portal\/wp-content\/uploads\/FotosInstitucionais\/acongregacao\/BRAcontenda\/Rosario 6.jpg\" data-lightbox=\"group:138-69d265fd0bd2c\" title=\"Casa das Irm\u00e3s em Ros\u00e1rio\" ><div><img src=\"\/portal\/wp-content\/plugins\/widgetkit\/cache\/gallery\/138\/Rosario 6-5a1ff9432e.jpg\" width=\"270\" height=\"180\" alt=\"Rosario 6\" \/><p class=\"title\">Casa das Irm\u00e3s em Ros\u00e1rio<\/p><\/div><\/a>\n\t\t\t\t\n\t\t\n\t\t\t\n\t\t\t\t\t<a class=\"\" href=\"\/portal\/wp-content\/uploads\/FotosInstitucionais\/acongregacao\/BRAcontenda\/Rosario 7.jpg\" data-lightbox=\"group:138-69d265fd0bd2c\" title=\"Grupo do curso de corte e costura\" ><div><img src=\"\/portal\/wp-content\/plugins\/widgetkit\/cache\/gallery\/138\/Rosario 7-b034a30038.jpg\" width=\"270\" height=\"180\" alt=\"Rosario 7\" \/><p class=\"title\">Grupo do curso de corte e costura<\/p><\/div><\/a>\n\t\t\t\t\n\t\t\n\t\t\t\n\t\t\t\t\t<a class=\"\" href=\"\/portal\/wp-content\/uploads\/FotosInstitucionais\/acongregacao\/BRAcontenda\/Rosario 8.jpg\" data-lightbox=\"group:138-69d265fd0bd2c\" title=\"Visita nas Fam\u00edlias\" ><div><img src=\"\/portal\/wp-content\/plugins\/widgetkit\/cache\/gallery\/138\/Rosario 8-1482b67484.jpg\" width=\"270\" height=\"180\" alt=\"Rosario 8\" \/><p class=\"title\">Visita nas Fam\u00edlias<\/p><\/div><\/a>\n\t\t\t\t\n\t\n<\/div>\n\n\n<p style=\"text-align: justify;\"><span style=\"color: #000000;\">Al\u00e9m de dar catequese e de conduzir as celebra\u00e7\u00f5es da Palavra, as Irm\u00e3s organizaram um curso de corte e costura para mulheres, mostrando-lhes o caminho para ganhar o sustento para a vida.<\/span><\/p>\n<p style=\"text-align: justify;\"><span style=\"color: #000000;\">As Irm\u00e3s tamb\u00e9m se envolveram na dire\u00e7\u00e3o do <strong>recem constru\u00eddo hospital<\/strong>\u00a0<strong>Santa Casa da\u00a0<\/strong><\/span><span style=\"color: #000000;\"><b>Miseric\u00f3rdia<\/b>, sendo respons\u00e1veis pela administra\u00e7\u00e3o e pela\u00a0enfermagem. O hospital tamb\u00e9m serviu como Posto de Sa\u00fade, ao qual durante todo o dia chegavam doentes das redondezas.\u00a0<\/span><span style=\"color: #000000;\">\u00a0Logo depois, Ir. Seweryna assumiu a administra\u00e7\u00e3o de todo o hospital.<\/span><\/p>\n<p style=\"text-align: center;\">\n<div class=\"wk-gallery wk-gallery-wall clearfix round polaroid margin \">\n\n\t\t\n\t\t\t\n\t\t\t\t\t<a class=\"\" href=\"\/portal\/wp-content\/uploads\/FotosInstitucionais\/acongregacao\/BRArosario\/Rosario 9.jpg\" data-lightbox=\"group:128-69d265fd0cf3b\" title=\"Irm\u00e3s em frente ao hospital casa de Miseric\u00f3rdia\" ><div><img src=\"\/portal\/wp-content\/plugins\/widgetkit\/cache\/gallery\/128\/Rosario 9-5cee5b85ce.jpg\" width=\"270\" height=\"180\" alt=\"Rosario 9\" \/><p class=\"title\">Irm\u00e3s em frente ao hospital casa de Miseric\u00f3rdia<\/p><\/div><\/a>\n\t\t\t\t\n\t\n<\/div>\n\n<\/p>\n<hr \/>\n<p style=\"text-align: justify;\"><span style=\"color: #000000;\">Depois de quatro anos de servi\u00e7o aos mais pobres, as Irm\u00e3s tiveram de\u00a0deixar Ros\u00e1rio, por conta\u00a0de m\u00faltiplas dificuldades, inclusive do sistema pol\u00edtico.\u00a0<\/span><span style=\"color: #000000;\">Durante a visita da Madre Estef\u00e2nia Jaworska as Irm\u00e3s decidiram mudar-se para a cidade de\u00a0<span style=\"text-decoration: underline; color: #000080;\"><strong>Curitiba-PR<\/strong>.<\/span>\u00a0<\/span><span style=\"color: #000000;\">Em <strong>janeiro de 1988<\/strong>\u00a0as Irm\u00e3s chegaram a capital do estado do Paran\u00e1, morando no bairro Port\u00e3o. Elas come\u00e7aram a trabalhar no hospital <strong>&#8220;<\/strong><strong>Pequeno Pr\u00edncipe&#8221;\u00a0<\/strong>e no servi\u00e7o aos mais pobres, nas favelas e nas pastorais na par\u00f3quia S\u00e3o Jorge, dirigida pelos Padres Marianos da Imaculada Concei\u00e7\u00e3o.<\/span><\/p>\n<p style=\"text-align: center;\">\n<div class=\"wk-gallery wk-gallery-wall clearfix round polaroid \">\n\n\t\t\n\t\t\t\n\t\t\t\t\t<a class=\"\" href=\"\/portal\/wp-content\/uploads\/FotosInstitucionais\/acongregacao\/BRAcuritiba01\/Curitiba 2.jpg\" data-lightbox=\"group:133-69d265fd0da77\" title=\"Visita na Ferrovila\" ><div><img src=\"\/portal\/wp-content\/plugins\/widgetkit\/cache\/gallery\/133\/Curitiba 2-26383d8c94.jpg\" width=\"270\" height=\"180\" alt=\"Curitiba 2\" \/><p class=\"title\">Visita na Ferrovila<\/p><\/div><\/a>\n\t\t\t\t\n\t\t\n\t\t\t\n\t\t\t\t\t<a class=\"\" href=\"\/portal\/wp-content\/uploads\/FotosInstitucionais\/acongregacao\/BRAcuritiba01\/Curitiba 3.jpg\" data-lightbox=\"group:133-69d265fd0da77\" title=\"Trabalho na Par\u00f3quia S\u00e3o Jorge\" ><div><img src=\"\/portal\/wp-content\/plugins\/widgetkit\/cache\/gallery\/133\/Curitiba 3-35426c7a46.jpg\" width=\"270\" height=\"180\" alt=\"Curitiba 3\" \/><p class=\"title\">Trabalho na Par\u00f3quia S\u00e3o Jorge<\/p><\/div><\/a>\n\t\t\t\t\n\t\t\n\t\t\t\n\t\t\t\t\t<a class=\"\" href=\"\/portal\/wp-content\/uploads\/FotosInstitucionais\/acongregacao\/BRAcuritiba01\/Hospital 1.jpg\" data-lightbox=\"group:133-69d265fd0da77\" title=\"Ir. Inviolata no Hospital Pequeno Pr\u00edncipe\" ><div><img src=\"\/portal\/wp-content\/plugins\/widgetkit\/cache\/gallery\/133\/Hospital 1-04703df268.jpg\" width=\"270\" height=\"180\" alt=\"Hospital 1\" \/><p class=\"title\">Ir. Inviolata no Hospital Pequeno Pr\u00edncipe<\/p><\/div><\/a>\n\t\t\t\t\n\t\n<\/div>\n\n<\/p>\n<p style=\"text-align: justify;\"><span style=\"color: #000000;\">A casa das Irm\u00e3s em Curitiba tornou-se tamb\u00e9m o lugar de <strong>forma\u00e7\u00e3o para as meninas brasileiras<\/strong> que desejavam\u00a0entregar sua vida a Jesus, na vida religiosa.<\/span><\/p>\n<p style=\"text-align: justify;\"><img decoding=\"async\" loading=\"lazy\" class=\"size-medium wp-image-2743 aligncenter\" src=\"https:\/\/i0.wp.com\/irmasdesaojose.com.br\/portal\/wp-content\/uploads\/2014\/03\/Forma\u00e7\u00e3o.jpg?resize=300%2C211\" alt=\"Forma\u00e7\u00e3o\" width=\"300\" height=\"211\" srcset=\"https:\/\/i0.wp.com\/irmasdesaojose.com.br\/portal\/wp-content\/uploads\/2014\/03\/Forma\u00e7\u00e3o.jpg?resize=300%2C211 300w, https:\/\/i0.wp.com\/irmasdesaojose.com.br\/portal\/wp-content\/uploads\/2014\/03\/Forma\u00e7\u00e3o.jpg?w=699 699w\" sizes=\"(max-width: 300px) 100vw, 300px\" data-recalc-dims=\"1\" \/><\/p>\n<hr \/>\n<p style=\"text-align: justify;\"><span style=\"color: #000000;\">Quando no ano de <strong>1989<\/strong> o n\u00famero das Josefitas mission\u00e1rias polonesas aumentou, foi criada mais uma Comunidade em <span style=\"text-decoration: underline;\"><span style=\"color: #000080; text-decoration: underline;\"><strong>Contenda-PR<\/strong><\/span><\/span>, uma cidade da regi\u00e3o metropolitana\u00a0de Curitiba. Os 5 000 habitantes deste munic\u00edpio, naquela \u00e9poca, em sua maioria eram\u00a0antigos imigrantes poloneses e suas fam\u00edlias. <strong>As Irm\u00e3s iniciaram um trabalho tamb\u00e9m no hospital Municipal, em uma Creche e nas pastorais da par\u00f3quia.<\/strong>\u00a0As Josefitas permaneceram ali at\u00e9 o ano <strong>de 2002<\/strong>. As Irm\u00e3s precisaram deixar o servi\u00e7o aos doentes, pois \u00e0s exig\u00eancias da dire\u00e7\u00e3o do hospital eram divergentes aos princ\u00edpios morais crist\u00e3os.<\/span><\/p>\n<p style=\"text-align: center;\">\n<div class=\"wk-gallery wk-gallery-wall clearfix round polaroid margin \">\n\n\t\t\n\t\t\t\n\t\t\t\t\t<a class=\"\" href=\"\/portal\/wp-content\/uploads\/FotosInstitucionais\/acongregacao\/BRAcuritiba02\/Contenda 1.jpg\" data-lightbox=\"group:134-69d265fd0ee1e\" title=\"Pastoral familiar\" ><div><img src=\"\/portal\/wp-content\/plugins\/widgetkit\/cache\/gallery\/134\/Contenda 1-8fd2069e1c.jpg\" width=\"270\" height=\"180\" alt=\"Contenda 1\" \/><p class=\"title\">Pastoral familiar<\/p><\/div><\/a>\n\t\t\t\t\n\t\t\n\t\t\t\n\t\t\t\t\t<a class=\"\" href=\"\/portal\/wp-content\/uploads\/FotosInstitucionais\/acongregacao\/BRAcuritiba02\/Contenda 2.jpg\" data-lightbox=\"group:134-69d265fd0ee1e\" title=\"Grupo de Ora\u00e7\u00e3o de S\u00e3o Jos\u00e9\" ><div><img src=\"\/portal\/wp-content\/plugins\/widgetkit\/cache\/gallery\/134\/Contenda 2-f5999d5a88.jpg\" width=\"270\" height=\"180\" alt=\"Contenda 2\" \/><p class=\"title\">Grupo de Ora\u00e7\u00e3o de S\u00e3o Jos\u00e9<\/p><\/div><\/a>\n\t\t\t\t\n\t\t\n\t\t\t\n\t\t\t\t\t<a class=\"\" href=\"\/portal\/wp-content\/uploads\/FotosInstitucionais\/acongregacao\/BRAcuritiba02\/Contenda.jpg\" data-lightbox=\"group:134-69d265fd0ee1e\" title=\"Trabalho na par\u00f3quia S\u00e3o Jo\u00e3o Batista\" ><div><img src=\"\/portal\/wp-content\/plugins\/widgetkit\/cache\/gallery\/134\/Contenda-0b1b775adf.jpg\" width=\"270\" height=\"180\" alt=\"Contenda\" \/><p class=\"title\">Trabalho na par\u00f3quia S\u00e3o Jo\u00e3o Batista<\/p><\/div><\/a>\n\t\t\t\t\n\t\n<\/div>\n\n<\/p>\n<hr \/>\n<p style=\"text-align: justify;\"><span style=\"color: #000000;\">Outra comunidade Josefita no Brasil foi criada no ano de <strong>2000<\/strong>, ano do Grande Jubileu do 2000\u00b0 anivers\u00e1rio do nascimento de Cristo. As Irm\u00e3s abriram uma Casa na <strong>par\u00f3quia de S\u00e3o Sebasti\u00e3o,<span style=\"text-decoration: underline; color: #333399;\"> Ilha do Governador,<\/span> no <span style=\"text-decoration: underline;\"><span style=\"color: #000080; text-decoration: underline;\">Rio de Janeiro<\/span><\/span><\/strong>, tendo um trabalho no <strong>Hospital S\u00e3o Vicente<\/strong> e <strong>o servi\u00e7o de evangeliza\u00e7\u00e3o entre os moradores do morro do\u00a0Dend\u00ea<\/strong>.<\/span><\/p>\n<p style=\"text-align: center;\">\n<div class=\"wk-gallery wk-gallery-wall clearfix round polaroid margin \">\n\n\t\t\n\t\t\t\n\t\t\t\t\t<a class=\"\" href=\"\/portal\/wp-content\/uploads\/FotosInstitucionais\/acongregacao\/BRAcuritiba03\/Rio 2.jpg\" data-lightbox=\"group:135-69d265fd1028d\" title=\"Ir. Beyzy na capela de S\u00e3o Francisco de Assis\" ><div><img src=\"\/portal\/wp-content\/plugins\/widgetkit\/cache\/gallery\/135\/Rio 2-8d23f1ea2d.jpg\" width=\"270\" height=\"180\" alt=\"Rio 2\" \/><p class=\"title\">Ir. Beyzy na capela de S\u00e3o Francisco de Assis<\/p><\/div><\/a>\n\t\t\t\t\n\t\t\n\t\t\t\n\t\t\t\t\t<a class=\"\" href=\"\/portal\/wp-content\/uploads\/FotosInstitucionais\/acongregacao\/BRAcuritiba03\/Rio 3.jpg\" data-lightbox=\"group:135-69d265fd1028d\" title=\"Ir. Isabel no Hospital S\u00e3o Vicente\" ><div><img src=\"\/portal\/wp-content\/plugins\/widgetkit\/cache\/gallery\/135\/Rio 3-aef511ded6.jpg\" width=\"270\" height=\"180\" alt=\"Rio 3\" \/><p class=\"title\">Ir. Isabel no Hospital S\u00e3o Vicente<\/p><\/div><\/a>\n\t\t\t\t\n\t\t\n\t\t\t\n\t\t\t\t\t<a class=\"\" href=\"\/portal\/wp-content\/uploads\/FotosInstitucionais\/acongregacao\/BRAcuritiba03\/Rio.jpg\" data-lightbox=\"group:135-69d265fd1028d\" title=\"Ir. Arc\u00e1dia visitando as fam\u00edlias\" ><div><img src=\"\/portal\/wp-content\/plugins\/widgetkit\/cache\/gallery\/135\/Rio-b250cabc3b.jpg\" width=\"270\" height=\"180\" alt=\"Rio\" \/><p class=\"title\">Ir. Arc\u00e1dia visitando as fam\u00edlias<\/p><\/div><\/a>\n\t\t\t\t\n\t\n<\/div>\n\n<\/p>\n<p>&nbsp;<\/p>\n<p style=\"text-align: justify;\"><span style=\"color: #000000;\">No ano da canoniza\u00e7\u00e3o de nosso Fundador, Padre S\u00e3o Sigismundo Gorazdowski, foi criada mais uma Comunidade mission\u00e1ria no Nordeste do Brasil, no estado do Maranh\u00e3o, na cidade de\u00a0<strong><span style=\"text-decoration: underline; color: #000080;\">Mon\u00e7\u00e3o<\/span><\/strong>. Desde <strong>janeiro de 2005<\/strong>\u00a0as Irm\u00e3s se empenharam na <strong>Pastoral da Crian\u00e7a, na dire\u00e7\u00e3o de\u00a0uma creche e pr\u00e9 escola\u00a0e atualmente trabalham nas pastorais da par\u00f3quia de S\u00e3o Francisco Xavier.<\/strong><\/span><\/p>\n<p style=\"text-align: center;\">\n<div class=\"wk-gallery wk-gallery-wall clearfix round polaroid margin \">\n\n\t\t\n\t\t\t\n\t\t\t\t\t<a class=\"\" href=\"\/portal\/wp-content\/uploads\/FotosInstitucionais\/acongregacao\/BRAmoncao\/Mon\u00e7\u00e3o-2.jpg\" data-lightbox=\"group:141-69d265fd11607\" title=\"Trabalho na Pastoral da Crian\u00e7a\" ><div><img src=\"\/portal\/wp-content\/plugins\/widgetkit\/cache\/gallery\/141\/Mon\u00e7\u00e3o-2-a88de00802.jpg\" width=\"270\" height=\"180\" alt=\"Mon\u00e7\u00e3o-2\" \/><p class=\"title\">Trabalho na Pastoral da Crian\u00e7a<\/p><\/div><\/a>\n\t\t\t\t\n\t\t\n\t\t\t\n\t\t\t\t\t<a class=\"\" href=\"\/portal\/wp-content\/uploads\/FotosInstitucionais\/acongregacao\/BRAmoncao\/Mon\u00e7\u00e3o-3.jpg\" data-lightbox=\"group:141-69d265fd11607\" title=\"Na Par\u00f3quia S\u00e3o Francisco Xavier\" ><div><img src=\"\/portal\/wp-content\/plugins\/widgetkit\/cache\/gallery\/141\/Mon\u00e7\u00e3o-3-88959b6815.jpg\" width=\"270\" height=\"180\" alt=\"Mon\u00e7\u00e3o-3\" \/><p class=\"title\">Na Par\u00f3quia S\u00e3o Francisco Xavier<\/p><\/div><\/a>\n\t\t\t\t\n\t\t\n\t\t\t\n\t\t\t\t\t<a class=\"\" href=\"\/portal\/wp-content\/uploads\/FotosInstitucionais\/acongregacao\/BRAmoncao\/Mon\u00e7\u00e3o.jpg\" data-lightbox=\"group:141-69d265fd11607\" title=\"Visita aos povoados\" ><div><img src=\"\/portal\/wp-content\/plugins\/widgetkit\/cache\/gallery\/141\/Mon\u00e7\u00e3o-fad57272b5.jpg\" width=\"270\" height=\"180\" alt=\"Mon\u00e7\u00e3o\" \/><p class=\"title\">Visita aos povoados<\/p><\/div><\/a>\n\t\t\t\t\n\t\n<\/div>\n\n<\/p>\n<p><span style=\"color: #000000;\">\u00a0<\/span><\/p>\n<hr \/>\n<p style=\"text-align: justify;\"><img decoding=\"async\" loading=\"lazy\" class=\"size-medium wp-image-2774 alignleft\" src=\"https:\/\/i0.wp.com\/irmasdesaojose.com.br\/portal\/wp-content\/uploads\/2014\/03\/Curitiba.4-jpg.jpg?resize=300%2C211\" alt=\"Curitiba.4 jpg\" width=\"300\" height=\"211\" srcset=\"https:\/\/i0.wp.com\/irmasdesaojose.com.br\/portal\/wp-content\/uploads\/2014\/03\/Curitiba.4-jpg.jpg?resize=300%2C211 300w, https:\/\/i0.wp.com\/irmasdesaojose.com.br\/portal\/wp-content\/uploads\/2014\/03\/Curitiba.4-jpg.jpg?w=699 699w\" sizes=\"(max-width: 300px) 100vw, 300px\" data-recalc-dims=\"1\" \/><\/p>\n<p style=\"text-align: justify;\"><span style=\"color: #000000;\">Como resultado da reorganiza\u00e7\u00e3o das estruturas da Congrega\u00e7\u00e3o, com a decis\u00e3o do Cap\u00edtulo Geral de 1992, as tr\u00eas comunidades no Brasil formaram a <strong>Delega\u00e7\u00e3o Brasileira. <\/strong>Atualmente <strong>21 Irm\u00e3s, Polonesas e Brasileiras<\/strong>, vivem o carisma da miseric\u00f3rdia em\u00a0<strong>6\u00a0comunidades<\/strong>, e se preparam tamb\u00e9m para a vida religiosa \u00a0<strong>3\u00a0postulantes<\/strong> (dados do ano de 2016).<\/span><\/p>\n<p style=\"text-align: justify;\"><span style=\"color: #000000;\">\u00a0<\/span><\/p>\n","protected":false},"excerpt":{"rendered":"<p>&nbsp; Olhando para o passado S\u00e3o Jo\u00e3o Paulo II na sua enc\u00edclica &#8220;Redemptoris missio&#8220;, escreveu: Miss\u00f5es (&#8230;) renovam a Igreja, fortalecem a f\u00e9 e a identidade crist\u00e3, d\u00e3o a vida crist\u00e3 novo entusiasmo e novo incentivo&#8230; Nenhum crente, nenhuma institui\u00e7\u00e3o da Igreja se pode esquivar deste dever supremo: anunciar Cristo a todos os povos. (n\u00b0 [&hellip;]<\/p>\n","protected":false},"author":1,"featured_media":0,"parent":13,"menu_order":5,"comment_status":"closed","ping_status":"closed","template":"","meta":{"_monsterinsights_skip_tracking":false,"_monsterinsights_sitenote_active":false,"_monsterinsights_sitenote_note":"","_monsterinsights_sitenote_category":0,"jetpack_post_was_ever_published":false,"footnotes":""},"jetpack_shortlink":"https:\/\/wp.me\/P4Ftkv-p","jetpack_sharing_enabled":true,"_links":{"self":[{"href":"http:\/\/irmasdesaojose.com.br\/portal\/wp-json\/wp\/v2\/pages\/25"}],"collection":[{"href":"http:\/\/irmasdesaojose.com.br\/portal\/wp-json\/wp\/v2\/pages"}],"about":[{"href":"http:\/\/irmasdesaojose.com.br\/portal\/wp-json\/wp\/v2\/types\/page"}],"author":[{"embeddable":true,"href":"http:\/\/irmasdesaojose.com.br\/portal\/wp-json\/wp\/v2\/users\/1"}],"replies":[{"embeddable":true,"href":"http:\/\/irmasdesaojose.com.br\/portal\/wp-json\/wp\/v2\/comments?post=25"}],"version-history":[{"count":55,"href":"http:\/\/irmasdesaojose.com.br\/portal\/wp-json\/wp\/v2\/pages\/25\/revisions"}],"predecessor-version":[{"id":4412,"href":"http:\/\/irmasdesaojose.com.br\/portal\/wp-json\/wp\/v2\/pages\/25\/revisions\/4412"}],"up":[{"embeddable":true,"href":"http:\/\/irmasdesaojose.com.br\/portal\/wp-json\/wp\/v2\/pages\/13"}],"wp:attachment":[{"href":"http:\/\/irmasdesaojose.com.br\/portal\/wp-json\/wp\/v2\/media?parent=25"}],"curies":[{"name":"wp","href":"https:\/\/api.w.org\/{rel}","templated":true}]}}